hat are the prime factors of 303475449?
3, 17, 5950499
List the prime factors of 368135248.
2, 13, 1769881
List the prime factors of 29808327.
3, 17, 34381
List the prime factors of 51109566.
2, 3, 8518261
What are the prime factors of 3614369293?
23, 157146491
What are the prime factors of 169410609?
3, 239, 2917
What are the prime factors of 1271068073?
11, 3467, 33329
What are the prime factors of 81341958?
2, 3, 13556993
What are the prime factors of 101067653?
1951, 51803
What are the prime factors of 15268325?
5, 610733
List the prime factors of 158455115.
5, 7, 13, 348253
List the prime factors of 260661597.
3, 7, 12412457
What are the prime factors of 546009045?
3, 5, 31, 1174213
What are the prime factors of 23631473?
23631473
What are the prime factors of 53846956?
2, 17, 23, 34429
List the prime factors of 280024773.
3, 7, 13334513
What are the prime factors of 237807169?
17, 31, 47, 9601
What are the prime factors of 8003912?
2, 7, 47, 3041
List the prime factors of 1872299731.
1872299731
What are the prime factors of 1590180719?
1590180719
List the prime factors of 1756595507.
1756595507
What are the prime factors of 896544380?
2, 5, 151, 307, 967
List the prime factors of 245183402.
2, 31, 3954571
What are the prime factors of 72518425?
5, 7, 23, 43, 419
List the prime factors of 238879592.
2, 7, 659, 6473
List the prime factors of 445588517.
11, 127, 467, 683
What are the prime factors of 2294957532?
2, 3, 7, 97, 40237
What are the prime factors of 576294281?
53, 2011, 5407
List the prime factors of 102496928.
2, 383, 8363
What are the prime factors of 246230963?
11, 67, 334099
List the prime factors of 1036703178.
2, 3, 7, 31, 88471
What are the prime factors of 1435741192?
2, 31, 37, 156467
List the prime factors of 315720680.
2, 5, 11, 29, 109, 227
What are the prime factors of 85116680?
2, 5, 11, 193447
What are the prime factors of 967451331?
3, 7, 11, 4188101
List the prime factors of 14576349.
3, 4858783
What are the prime factors of 174994668?
2, 3, 17, 31771
What are the prime factors of 1222814565?
3, 5, 7, 3881951
What are the prime factors of 63559253?
283, 224591
List the prime factors of 54117288.
2, 3, 250543
What are the prime factors of 179343540?
2, 3, 5, 17, 29, 43, 47
What are the prime factors of 1164286115?
5, 47, 4954409
List the prime factors of 142626323.
7, 20375189
List the prime factors of 2262187872.
2, 3, 7, 374039
List the prime factors of 310705698.
2, 3, 397, 130439
List the prime factors of 373836452.
2, 11, 739, 11497
List the prime factors of 29739982.
2, 347, 42853
List the prime factors of 133289152.
2, 71, 29333
What are the prime factors of 2878061927?
13, 221389379
What are the prime factors of 34075921?
11, 359, 8629
What are the prime factors of 155217632?
2, 1753, 2767
What are the prime factors of 3694569542?
2, 1847284771
What are the prime factors of 41391759?
3, 13797253
What are the prime factors of 118733574?
2, 3, 19788929
List the prime factors of 770367132.
2, 3, 181, 39409
List the prime factors of 227960589.
3, 37, 2053699
List the prime factors of 496899191.
19, 157, 1061
List the prime factors of 1603547315.
5, 29, 381343
List the prime factors of 2224244491.
7, 317749213
List the prime factors of 2150740556.
2, 79, 227, 29983
What are the prime factors of 1105465383?
3, 11, 2777, 4021
List the prime factors of 22873236.
2, 3, 73, 26111
What are the prime factors of 2632562632?
2, 7, 19, 353459
What are the prime factors of 60046411?
31, 1936981
List the prime factors of 88171107.
3, 29, 47, 21563
List the prime factors of 357632958.
2, 3, 59605493
What are the prime factors of 256285760?
2, 5, 29, 27617
What are the prime factors of 198550925?
5, 431, 18427
List the prime factors of 174429528.
2, 3, 7, 13, 79867
What are the prime factors of 738533064?
2, 3, 461, 66751
What are the prime factors of 1411858716?
2, 3, 491, 239623
What are the prime factors of 111772057?
251, 445307
What are the prime factors of 61590124?
2, 349, 44119
What are the prime factors of 3096008112?
2, 3, 89, 724721
List the prime factors of 1959565300.
2, 5, 7, 11, 254489
What are the prime factors of 165125153?
1039, 158927
What are the prime factors of 3185861526?
2, 3, 29, 6103183
List the prime factors of 394461533.
41, 337, 28549
What are the prime factors of 37213333?
23, 1617971
List the prime factors of 1236052170.
2, 3, 5, 79, 167, 347
List the prime factors of 9432524.
2, 47, 131, 383
What are the prime factors of 605914717?
605914717
What are the prime factors of 442280776?
2, 7, 41, 192631
What are the prime factors of 457106607?
3, 50789623
List the prime factors of 100183680.
2, 3, 5, 17393
What are the prime factors of 345518962?
2, 233, 741457
What are the prime factors of 14868023?
14868023
What are the prime factors of 42038505?
3, 5, 937, 997
What are the prime factors of 482671883?
1879, 256877
What are the prime factors of 16233113?
13, 17, 73453
What are the prime factors of 1105105971?
3, 47, 7837631
List the prime factors of 2775798227.
6247, 444341
List the prime factors of 21253169.
7, 3036167
List the prime factors of 176701723.
11, 17, 944929
List the prime factors of 6317781731.
6317781731
List the prime factors of 136572966.
2, 3, 843043
What are the prime factors of 1072797073?
23, 46643351
List the prime factors of 2028157187.
7, 89, 465067
What are the prime factors of 94977045?
3, 5, 17, 124153
What are the prime factors of 228619768?
2, 13, 733, 2999
What are the prime factors of 366676677?
3, 499, 81647
What are the prime factors of 208850475?
3, 5, 53, 52541
What are the prime factors of 12387318?
2, 3, 1237, 1669
What are the prime factors of 887601555?
3, 5, 19724479
List the prime factors of 628743901.
2953, 212917
What are the prime factors of 1101978941?
7, 163, 965801
What are the prime factors of 6557888?
2, 19, 5393
What are the prime factors of 136917082?
2, 17, 4026973
List the prime factors of 335504218.
2, 7, 23964587
List the prime factors of 472165821.
3, 313, 55871
What are the prime factors of 90792827?
61, 151, 9857
What are the prime factors of 151400331?
3, 41, 410299
What are the prime factors of 474640001?
11, 409, 105499
List the prime factors of 43657382.
2, 503, 43397
List the prime factors of 239879853.
3, 8884439
What are the prime factors of 3693998?
2, 7, 11, 17, 83
List the prime factors of 529501353.
3, 176500451
What are the prime factors of 204141685?
5, 11, 61, 71, 857
What are the prime factors of 2018836963?
11, 13, 19, 31, 2179
What are the prime factors of 217033323?
3, 13, 5564957
What are the prime factors of 132297239?
132297239
What are the prime factors of 106645823?
106645823
What are the prime factors of 12986597?
13, 998969
What are the prime factors of 2461742767?
11, 31, 232877
List the prime factors of 2859338.
2, 1429669
What are the prime factors of 38920552?
2, 11, 29, 101, 151
What are the prime factors of 586749523?
22343, 26261
What are the prime factors of 59076961?
59076961
What are the prime factors of 29831731?
37, 806263
What are the prime factors of 310489656?
2, 3, 12937069
List the prime factors of 1490444337.
3, 1481, 335459
What are the prime factors of 4307428017?
3, 23, 317, 21881
What are the prime factors of 46036934?
2, 79, 291373
List the prime factors of 741375364.
2, 19, 37, 263647
List the prime factors of 1165243233.
3, 7, 11, 5044343
List the prime factors of 309561159.
3, 103187053
What are the prime factors of 7143244965?
3, 5, 631, 251567
What are the prime factors of 1809531903?
3, 15013, 40177
What are the prime factors of 1764663330?
2, 3, 5, 3583, 16417
List the prime factors of 1865303421.
3, 8609, 72223
List the prime factors of 103403742.
2, 3, 13, 53, 25013
List the prime factors of 3648139.
11, 41, 8089
List the prime factors of 103020910.
2, 5, 23, 401, 1117
What are the prime factors of 141163594?
2, 11, 13, 493579
List the prime factors of 99221749.
11, 9020159
List the prime factors of 58741210.
2, 5, 11, 379, 1409
What are the prime factors of 5377424?
2, 13, 103, 251
List the prime factors of 369095482.
2, 7, 19, 797, 1741
What are the prime factors of 46669090?
2, 5, 13, 358993
What are the prime factors of 412656026?
2, 79, 131, 19937
List the prime factors of 4